{"id":471,"date":"2024-01-08T22:43:33","date_gmt":"2024-01-08T22:43:33","guid":{"rendered":"https:\/\/www.lbspower-abb.com\/?product=reliagear-next"},"modified":"2024-01-30T17:13:32","modified_gmt":"2024-01-30T17:13:32","slug":"reliagear-next","status":"publish","type":"product","link":"https:\/\/www.lbspower-abb.com\/?product=reliagear-next","title":{"rendered":"RELIAGEAR NEXT"},"content":{"rendered":"\n<p>ReliaGear neXT presenta un dise\u00f1o de panel modular modificable en campo y los innovadores interruptores Tmax\u00ae XT de ABB para simplificar la instalaci\u00f3n y el mantenimiento y mejorar la eficiencia energ\u00e9tica.<\/p>\n\n\n\n<p>Los aspectos m\u00e1s destacados incluyen:<\/p>\n\n\n\n<p>Una pila de bus reversible en campo que se puede girar 180 grados para acomodar alimentaciones superiores o inferiores sin piezas adicionales.<br>Disyuntores Tmax XT, que cuentan con desconexiones primarias accionadas por resorte dise\u00f1adas para una instalaci\u00f3n y reemplazo r\u00e1pidos con la seguridad de conexi\u00f3n de un interruptor atornillado.<\/p>\n\n\n\n<p>Conectividad en la nube con medici\u00f3n integrada para an\u00e1lisis de datos en tiempo real.<\/p>\n\n\n\n<p>La submedici\u00f3n de grado de ingresos combina medidores, transformadores de corriente, comunicaciones y protecci\u00f3n contra sobrecargas en un solo m\u00f3dulo.<\/p>\n\n\n\n<p>Funci\u00f3n de seguridad para dedos IP20 en modelos selectos.<\/p>\n\n\n\n<p>Interruptores compactos que permiten una mayor densidad de potencia.<\/p>\n\n\n\n<p>La versatilidad de las entregas montadas y sin montar en f\u00e1brica.<\/p>\n","protected":false},"excerpt":{"rendered":"<p>ReliaGear neXT presenta un dise\u00f1o de panel modular modificable en campo y los innovadores interruptores Tmax\u00ae XT de ABB para simplificar la instalaci\u00f3n y el mantenimiento y mejorar la eficiencia&#8230;<\/p>\n","protected":false},"featured_media":354,"comment_status":"open","ping_status":"closed","template":"","meta":{"_joinchat":[]},"product_cat":[21],"product_tag":[],"class_list":{"0":"post-471","1":"product","2":"type-product","3":"status-publish","4":"has-post-thumbnail","6":"product_cat-tableros","8":"first","9":"instock","10":"shipping-taxable","11":"product-type-simple"},"_links":{"self":[{"href":"https:\/\/www.lbspower-abb.com\/index.php?rest_route=\/wp\/v2\/product\/471","targetHints":{"allow":["GET"]}}],"collection":[{"href":"https:\/\/www.lbspower-abb.com\/index.php?rest_route=\/wp\/v2\/product"}],"about":[{"href":"https:\/\/www.lbspower-abb.com\/index.php?rest_route=\/wp\/v2\/types\/product"}],"replies":[{"embeddable":true,"href":"https:\/\/www.lbspower-abb.com\/index.php?rest_route=%2Fwp%2Fv2%2Fcomments&post=471"}],"wp:featuredmedia":[{"embeddable":true,"href":"https:\/\/www.lbspower-abb.com\/index.php?rest_route=\/wp\/v2\/media\/354"}],"wp:attachment":[{"href":"https:\/\/www.lbspower-abb.com\/index.php?rest_route=%2Fwp%2Fv2%2Fmedia&parent=471"}],"wp:term":[{"taxonomy":"product_cat","embeddable":true,"href":"https:\/\/www.lbspower-abb.com\/index.php?rest_route=%2Fwp%2Fv2%2Fproduct_cat&post=471"},{"taxonomy":"product_tag","embeddable":true,"href":"https:\/\/www.lbspower-abb.com\/index.php?rest_route=%2Fwp%2Fv2%2Fproduct_tag&post=471"}],"curies":[{"name":"wp","href":"https:\/\/api.w.org\/{rel}","templated":true}]}}