{"id":449,"date":"2024-01-08T19:44:24","date_gmt":"2024-01-08T19:44:24","guid":{"rendered":"https:\/\/www.lbspower-abb.com\/?product=ups-vh-1-5-kva-ul-120-120"},"modified":"2024-02-06T18:24:28","modified_gmt":"2024-02-06T18:24:28","slug":"ups-vh-1-5-kva-ul-120-120","status":"publish","type":"product","link":"https:\/\/www.lbspower-abb.com\/?product=ups-vh-1-5-kva-ul-120-120","title":{"rendered":"UPS VH (1.5 KVA) UL (120\/120)"},"content":{"rendered":"\n<p>El VH Series de ABB es un SAI de doble conversi\u00f3n VFI Tensi\u00f3n y frecuencia independientes). Inteligente y de alto rendimiento. Dise\u00f1ado paro todo tipo de aplicaciones criticas. Toda la gamo de SAI se ha dise\u00f1odo con un Byposs est\u00e1tico interno a pruebo de fallos para ofrecer una seguridad y una fiabilidad m\u00e1xima al usuario.<br>Lo gamo de SAI VH Series se ha dise\u00f1ado tambi\u00e9n para ofrecer la m\u00e1xima<br>flexibilidad en el centro. Con una torre com\u00fan moderna de dise\u00f1o atractivo y\/o un dise\u00f1o de Rock 19 pulgados para montarla en un armario. El SAI puede adaptarse como lo hocen las configuraciones de red.<\/p>\n","protected":false},"excerpt":{"rendered":"<p>El VH Series de ABB es un SAI de doble conversi\u00f3n VFI Tensi\u00f3n y frecuencia independientes). Inteligente y de alto rendimiento. Dise\u00f1ado paro todo tipo de aplicaciones criticas. Toda la&#8230;<\/p>\n","protected":false},"featured_media":460,"comment_status":"open","ping_status":"closed","template":"","meta":{"_joinchat":[]},"product_cat":[35],"product_tag":[],"class_list":{"0":"post-449","1":"product","2":"type-product","3":"status-publish","4":"has-post-thumbnail","6":"product_cat-1-5-kva","8":"first","9":"instock","10":"shipping-taxable","11":"product-type-simple"},"_links":{"self":[{"href":"https:\/\/www.lbspower-abb.com\/index.php?rest_route=\/wp\/v2\/product\/449","targetHints":{"allow":["GET"]}}],"collection":[{"href":"https:\/\/www.lbspower-abb.com\/index.php?rest_route=\/wp\/v2\/product"}],"about":[{"href":"https:\/\/www.lbspower-abb.com\/index.php?rest_route=\/wp\/v2\/types\/product"}],"replies":[{"embeddable":true,"href":"https:\/\/www.lbspower-abb.com\/index.php?rest_route=%2Fwp%2Fv2%2Fcomments&post=449"}],"wp:featuredmedia":[{"embeddable":true,"href":"https:\/\/www.lbspower-abb.com\/index.php?rest_route=\/wp\/v2\/media\/460"}],"wp:attachment":[{"href":"https:\/\/www.lbspower-abb.com\/index.php?rest_route=%2Fwp%2Fv2%2Fmedia&parent=449"}],"wp:term":[{"taxonomy":"product_cat","embeddable":true,"href":"https:\/\/www.lbspower-abb.com\/index.php?rest_route=%2Fwp%2Fv2%2Fproduct_cat&post=449"},{"taxonomy":"product_tag","embeddable":true,"href":"https:\/\/www.lbspower-abb.com\/index.php?rest_route=%2Fwp%2Fv2%2Fproduct_tag&post=449"}],"curies":[{"name":"wp","href":"https:\/\/api.w.org\/{rel}","templated":true}]}}